e 9
-4384
-1906 (base 10) to base 7
-5362
-1530 (base 9) to base 3
-1121000
Convert -347 (base 16) to base 14.
-43d
Convert -10011100 (base 3) to base 11.
-1805
Convert 111344 (base 6) to base 7.
36322
Convert 11110321 (base 4) to base 6.
245001
What is 353 (base 10) in base 9?
432
Convert -11604 (base 9) to base 7.
-31453
What is 112104 (base 7) in base 12?
b663
22510 (base 8) to base 9
14074
Convert 9ab2 (base 13) to base 12.
10608
What is -13313013 (base 4) in base 7?
-162606
What is -745 (base 9) in base 12?
-428
Convert 1215 (base 8) to base 6.
3005
12020 (base 4) to base 3
112112
What is 100023 (base 4) in base 11?
861
Convert d1c9 (base 14) to base 2.
1000110011001101
57d (base 14) to base 3
1111102
Convert 2544 (base 6) to base 12.
454
Convert b49 (base 14) to base 8.
4255
What is a2b (base 15) in base 3?
10010212
What is -3361 (base 8) in base 16?
-6f1
Convert -204 (base 7) to base 3.
-10210
Convert -1762 (base 12) to base 4.
-223322
-103a (base 11) to base 8
-2536
Convert -543c (base 15) to base 5.
-1032312
What is 4408 (base 15) in base 2?
11100001001000
What is -1448 (base 9) in base 3?
-1111122
508 (base 9) to base 6
1525
Convert -14601 (base 10) to base 15.
-44d6
Convert 272 (base 8) to base 9.
226
102001112 (base 3) to base 4
1331330
What is -10111101010 (base 2) in base 14?
-7a2
Convert -1a0a (base 15) to base 16.
-1603
-10255 (base 7) to base 2
-100111101011
What is -14955 (base 11) in base 16?
-527a
22042 (base 5) to base 11
1164
What is -1144440 (base 5) in base 6?
-245130
What is 22323 (base 5) in base 7?
4426
13751 (base 9) to base 13
4351
-12301332 (base 4) to base 9
-42080
Convert 6610 (base 9) to base 4.
1030011
-1256 (base 7) to base 10
-482
-36103 (base 7) to base 16
-2461
What is 12334 (base 6) in base 7?
5263
Convert -113312 (base 4) to base 8.
-2766
What is 21222101 (base 3) in base 10?
5815
What is 1411341 (base 5) in base 4?
13010223
Convert 13122121 (base 4) to base 3.
1112122111
What is -3013202 (base 4) in base 7?
-52142
What is 129c (base 13) in base 9?
3580
13147 (base 11) to base 6
223022
What is 650 (base 8) in base 13?
268
What is -146204 (base 7) in base 10?
-28571
What is 29b6 (base 13) in base 14?
22d2
434a5 (base 11) to base 2
1111011010110100
What is -365 (base 16) in base 11?
-720
1220221220 (base 3) to base 15
b353
What is -1002222210 (base 3) in base 2?
-101010101101000
-2177 (base 8) to base 2
-10001111111
Convert ac1 (base 14) to base 16.
851
What is -1259 (base 10) in base 6?
-5455
What is c1 (base 16) in base 6?
521
-39b (base 12) to base 14
-2b5
201111102 (base 3) to base 11
a751
Convert bcc (base 16) to base 15.
d65
Convert -5ae (base 16) to base 14.
-75c
-102222 (base 4) to base 10
-1194
What is 19ab (base 12) in base 9?
4285
Convert -5362 (base 9) to base 3.
-12102002
-110101 (base 2) to base 13
-41
What is -7400 (base 8) in base 11?
-2981
Convert 1014023 (base 5) to base 9.
24885
107 (base 10) to base 7
212
What is 17694 (base 10) in base 5?
1031234
-304233 (base 7) to base 8
-145313
Convert -3576 (base 12) to base 7.
-23322
Convert -222001011 (base 3) to base 9.
-28034
Convert 14796 (base 11) to base 15.
62e7
-37527 (base 9) to base 15
-7711
What is e3 (base 15) in base 5?
1323
What is -27ce (base 15) in base 6?
-103235
What is 7137 (base 11) in base 14?
3650
Convert 20331 (base 4) to base 11.
481
Convert 46c (base 15) to base 14.
518
Convert -20015 (base 8) to base 5.
-230310
102a (base 11) to base 3
1212111
45404 (base 6) to base 13
2bc3
Convert -8845 (base 10) to base 2.
-10001010001101
What is 146 (base 8) in base 9?
123
Convert 11111 (base 4) to base 13.
203
Convert 714 (base 8) to base 2.
111001100
Convert -104b3 (base 12) to base 8.
-51707
Convert -1425 (base 6) to base 12.
-275
What is -11b2a (base 12) in base 3?
-1020000221
Convert -2544 (base 9) to base 4.
-131233
211012 (base 3) to base 13
371
What is 103 (base 6) in base 10?
39
What is 1001010011111101 (base 2) in base 4?
21103331
What is 4700 (base 11) in base 7?
23664
12101 (base 8) to base 13
248b
What is -113 (base 8) in base 9?
-83
-fa9d (base 16) to base 3
-10021000012
Convert -21002100 (base 3) to base 15.
-17e6
What is -223 (base 14) in base 13?
-267
-21030 (base 5) to base 15
-62a
What is -6743 (base 9) in base 5?
-124410
Convert -1587a (base 13) to base 3.
-2002020111
Convert 1ab6 (base 15) to base 12.
3430
101000011 (base 2) to base 14
191
Convert -bb33 (base 16) to base 14.
-13671
What is -293 (base 10) in base 8?
-445
Convert 1302043 (base 5) to base 3.
1021200001
What is -101001000101 (base 2) in base 11?
-1a80
Convert 4703 (base 8) to base 6.
15323
What is 1110000100001 (base 2) in base 4?
1300201
-24466 (base 7) to base 5
-201133
Convert 211012021 (base 3) to base 16.
3f34
Convert -17b2 (base 13) to base 16.
-dc5
Convert 4909 (base 10) to base 8.
11455
Convert 1cd9a (base 14) to base 3.
10202112210
-2021 (base 3) to base 15
-41
Convert -110011110101 (base 2) to base 13.
-1682
222 (base 10) to base 7
435
Convert 2001210 (base 3) to base 11.
114a
What is 1b66 (base 16) in base 12?
4086
-259 (base 15) to base 7
-1362
What is -1000010101110010 (base 2) in base 12?
-1792a
Convert -443 (base 12) to base 11.
-520
-3046 (base 7) to base 13
-63a
-11100001001 (base 2) to base 5
-24201
What is -1101010 (base 3) in base 6?
-4350
-461 (base 16) to base 15
-4eb
Convert 897 (base 10) to base 16.
381
What is 2887 (base 12) in base 8?
11147
-57 (base 10) to base 16
-39
-11110 (base 2) to base 7
-42
Convert -68f (base 16) to base 12.
-b7b
Convert -2123100 (base 4) to base 11.
-7513
2e91 (base 15) to base 10
10036
3eca (base 16) to base 7
64602
Convert 300300 (base 4) to base 16.
c30
Convert 2572 (base 11) to base 15.
ed1
-846 (base 13) to base 10
-1410
What is 111120 (base 5) in base 6?
30034
What is 1011011101 (base 2) in base 11?
607
Convert -1a4 (base 15) to base 10.
-379
What is 120020 (base 3) in base 7?
1125
What is 747a (base 12) in base 6?
135034
-12000 (base 5) to base 10
-875
Convert -201462 (base 7) to base 2.
-1000010110010101
-168 (base 12) to base 11
-194
What is 1000 (base 5) in base 2?
1111101
10003 (base 4) to base 11
216
What is 30223 (base 4) in base 6?
3431
236 (base 12) to base 10
330
-a68 (base 16) to base 7
-10524
433 (base 8) to base 6
1151
24242 (base 8) to base 3
112021021
What is 100001111011 (base 2) in base 14?
b11
-88 (base 12) to base 13
-80
Convert -1001002 (base 3) to base 10.
-758
-30131030 (base 4) to base 10
-51020
Convert 16421 (base 9) to base 7.
44611
What is -21100 (base 3) in base 15?
-d3
Convert 751 (base 11) to base 3.
1020110
Convert 110001111111 (base 2) to base 16.
c7f
Convert 4202140 (base 5) to base 15.
156d0
What is 2d1 (base 15) in base 8?
1206
Convert 7149 (base 10) to base 13.
333c
Convert 11c (base 15) to base 2.
11111100
3a9 (base 13) to base 14
342
What is 1011000100 (base 2) in base 10?
708
2083 (base 9) to base 15
6c3
Convert -31c (base 13) to base 4.
-20110
What is c6 (base 14) in base 5?
1144
Convert 2438 (base 10) to base 9.
3308
What is 5eaa (base 15) in base 3?
1000200121
1a537 (base 12) to base 16
977b
-8752 (base 11) to base 7
-45452
Convert -405 (base 12) to base 6.
-2405
What is 11101010010 (base 2) in base 3?
2120102
What is -16761 (base 8) in base 11?
-5839
Convert -110111100101 (base 2) to base 6.
-24245
Convert -213010 (base 4) to base 16.
-9c4
-11532 (base 8) to base 12
-2a4a
Convert 1020021 (base 3) to base 2.
1110000010
What is -743 (base 12) in base 15?
-4a9
Convert 124 (base 10) to base 4.
1330
What is -3711 (base 10) in base 5?
-104321
What is 217 (base 13) in base 10?
358
-51 (base 14) to base 6
-155
Convert -185a (base 13) to base 15.
-1119
-14103 (base 6) to base 15
-9b9
-22a (base 12) to base 16
-142
What is 10113 (base 4) in base 9?
340
What is -31393 (base 10) in base 16?
-7aa1
15370 (base 8) to base 14
2732
What is 395 (base 14) in base 6?
3155
What is -ca9 (base 13) in base 4?
-201313
-8880 (base 9) to base 14
-2560
4cdd (base 16) to base 2
100110011011101
Convert -13222 (base 7) to base 9.
-4767
Convert 1202320 (base 4) to base 2.
1100010111000
What is 1122010 (base 4) in base 7?
22543
What is 230244 (base 5) in base 9?
12220
What is 10010110011100 (base 2) in base 15?
2cbd
Convert -5032 (base 9) to base 7.
-13466
What is -1213 (base 9) in